*3 + 7*w**2 + 11*w + 3. Give r(z).
-2
Let d = 34695 + -34688. Let f(r) = r**2 - 1. Let w(i) = 5*i**2 + 5*i - 13. Let o(z) = -6*f(z) + w(z). Calculate o(d).
-21
Let j(x) = -2*x - 9. Let w be j(-7). Suppose 4*y + w*y = 0. Suppose 0*k - 5*k = y. Let c(n) = n**3 + 3. Determine c(k).
3
Let m(a) be the second derivative of a**7/252 + a**6/360 + a**5/60 + 13*a**4/2 - 31*a - 1. Let f(k) be the third derivative of m(k). What is f(-2)?
38
Let p(h) = 2*h - 6720 - 9*h - 3*h**2 + 6706 + 4*h**2. What is p(7)?
-14
Let q(i) be the first derivative of -3*i**2/2 - 23*i + 1534. Give q(-16).
25
Let q(p) = p**3 - 2*p**2 - 3*p + 3. Suppose -6*m + 439 = -359. Let h = m + -131. Calculate q(h).
-3
Suppose 3*v + 4*c = -2*v + 28, 30 = 5*v + 5*c. Let u(i) = -i**2 - 17*i - 5. Let w(m) = -m**2 - 28*m - 5. Let g(l) = -3*u(l) + 2*w(l). Give g(v).
1
Let q be -3 + -5 - (-3 - 1). Let g be q/(-22) - ((-1512)/33 + 2). Let n be (-5 - g/(-8))*(0 + 12). Let m(z) = z - 8. What is m(n)?
-2
Let w(z) = 47*z**3 - 61*z**2 - 6*z + 13. Let o(i) = -14*i**3 + 19*i**2 + 2*i - 4. Let a(k) = -10*o(k) - 3*w(k). Calculate a(-7).
15
Let w(h) be the second derivative of -h**4/3 - h**3/6 - 582*h. Calculate w(2).
-18
Suppose 4*h = 4*x + 92 - 88, -4*x - 9 = -3*h. Let u(i) = 2*i + 2. Calculate u(x).
-10
Let c(p) = 18*p + 122. Let a(g) = -10*g - 61. Let u(q) = 7*a(q) + 4*c(q). Let j be u(-29). Let f(z) = 7*z - 3. What is f(j)?
18
Let c be 3 + (0 - (-1 - -2)). Let g(x) = -49*x - 7 + 9*x + 41*x. Determine g(c).
-5
Let z(f) = f**2 + 22*f + 50. Let u = -5219 + 5200. Give z(u).
-7
Let s(p) = -40*p - 5 + 17*p + 6 + 25*p - 5*p**2. Suppose w = 18 - 15. What is s(w)?
-38
Suppose 5*z - w - 13 = 0, 0 = 3*z - 3*w - w - 18. Let t be -8 + 4 + z/2. Let k(o) = 3*o**2 - o. Determine k(t).
30
Let h(b) = 11*b**3 + 3*b**2 + 4*b - 8. Let r(s) = 25*s**3 + 7*s**2 + 7*s - 17. Let k(p) = 9*h(p) - 4*r(p). Determine k(2).
0
Let v(x) = 48 + x**2 - 2*x**2 - 50. Let b(f) be the third derivative of -f**5/60 + f**4/6 + 2*f**3/3 - 9*f**2. Let y be b(4). Give v(y).
-18
Let u(z) = 16*z**2 + z - 3. Let c(l) = -32*l**2 - 4*l + 7. Let b(v) = -2*c(v) - 5*u(v). Determine b(2).
-57
Let f(g) = -2*g**2 - 10*g - 8. Let o be f(-4). Suppose 6*l + l - 35 = o. Let d(a) = -23 - 2*a + l*a**2 + 29 - 6*a**2. Give d(4).
-18
Let n(f) = -10*f**3 + 115*f**2 + 62*f - 31. Let x be n(12). Let p(y) = y**3 + 6*y**2 + 2*y - 12. Give p(x).
-75
Let r = 226 - 275. Let d be (2 + 1)/((-21)/r). Let m(t) = t**3 - 6*t**2 - 8*t - 9. Calculate m(d).
-16
Suppose 631*g = -638*g + 1186*g - 498. Let z be (-1 + 0)*(-7)/1. Let b(k) = -z*k + 3*k**2 + k**3 + 2*k**2 - 5 + 1. What is b(g)?
2
Let k(v) be the first derivative of -41*v + v**2 + 65*v - 46*v - 29. Let i be k(13). Let r(a) = a**3 - 4*a**2 - 4*a + 3. What is r(i)?
-13
Let k(u) = -68 + 0*u + u + 74. Let y be k(-3). Let j(t) = -t**3 + 2*t**2 - 2*t + 3. Give j(y).
-12
Let k be 186/10 + (64/(-40) - -1). Let g(h) = -21*h**2 - 19*h**2 + k + 41*h**2 - h. Give g(0).
18
Suppose -3*z = -4*z - 5*x + 49, x = 0. Let y = -43 + z. Let l(v) = -y*v - 3 + 10 - 5 + 1 + 2*v**2. Give l(4).
11
Let p(a) = a**2 - 3*a + 2. Let r(l) = 18*l**3 + l**2 - 1. Let n be r(1). Suppose -4*f + n = y, 4*f + 5*y + 15 = 25. Give p(f).
12
Let w(t) = -t - 18. Suppose 5*b + 4*y + 160 = 0, b - y = -4 - 19. Let d be b/(-63) - (-484)/(-36). Calculate w(d).
-5
Let d(f) = -9 - f**3 + 20*f**2 + 19132620*f - 19132656*f - 5. Give d(18).
-14
Let t(v) = -89 + 182 - 92 + 5*v - 4*v - 3*v. Let z = 9 - 4. Calculate t(z).
-9
Let o(q) be the first derivative of -4*q**2 - 1/6*q**3 + 5 + 3*q. Let p(u) be the first derivative of o(u). Calculate p(-8).
0
Let s(w) = w**3 - 10*w**2 + 12*w - 33. Suppose -5*b = -3*v + 6, -b - 5 = v - 7. Suppose 0 = -4*z + 3*h + 42 - 6, -18 = -v*z + 2*h. Calculate s(z).
-6
Let j(h) = 3*h**2 - 177*h + 172. Let g be j(58). Let o(b) = -9*b**2 + 6*b + 3. Determine o(g).
-45
Let h(w) = w + 1. Suppose 0 = z - 2*f - 14, -7 + 40 = 2*z - 5*f. Suppose 47*g = 48*g - z. Give h(g).
5
Let f(d) = -2*d**3 - 17*d**2 + 16*d + 69. Let q be f(-9). Let u(s) = -11*s + 63. Calculate u(q).
-3
Let l(n) = -3*n + 1. Let j(v) = -3*v**2 + 3*v + 5. Let g be j(1). Let u be (g + -4)/(-4 - -3). Determine l(u).
4
Suppose 39*v = 40*v + 5*w + 26, -4*v - 5*w = 29. Let i(r) = -24*r + 16. Calculate i(v).
40
Let u(h) = h**2 - 2 + 3*h - 3 - 2*h**2. Suppose -4*y + 1746 = -5*r + 55, 989 = -3*r - 4*y. Let o = -330 - r. Give u(o).
-15
Let h be (-3 - -1) + (12 - -2). Let i(r) = -15*r**2 + 61*r - 57. Let n(m) = 7*m**2 - 29*m + 25. Let j(f) = 6*i(f) + 13*n(f). Give j(h).
-5
Let c(w) be the second derivative of -w**7/2520 + w**6/120 - w**5/40 - 13*w**4/3 - w**2 + 38*w. Let t(v) be the third derivative of c(v). What is t(3)?
6
Let p(q) = 17*q + 24. Let l(o) = -20*o - 23. Let m(w) = -5*l(w) - 6*p(w). What is m(-21)?
13
Let s(z) = 4*z + 1. Let d = 163 + -181. Let f be (49/(-147))/((-2)/d). Determine s(f).
-11
Let v be 2/(-4) - (-88)/16. Let a(r) = 7*r + 212 + r**3 - 208 + 5*r - 12*r - 5*r**2. Calculate a(v).
4
Suppose -105*z = -109*z + 36. Let g(y) = -27*y - 2*y**2 + 8*y + 4 + z*y + 7*y. Determine g(-3).
-5
Let w = 3 - -7. Suppose 250 + 220 = w*t. Let y = t - 39. Let s(z) = -z**2 + 9*z - 3. Determine s(y).
5
Let y(i) = -8*i - 8. Let j(u) = u**3 + 9*u**2 + 2*u + 2. Let s be j(-6). Suppose -52 = 25*m + s. Give y(m).
40
Suppose 68*n - 6 = 71*n. Let k be 3 + 4/(-8) + n/4. Let t(i) be the first derivative of -5*i**2/2 + 2*i + 69. Calculate t(k).
-8
Let q(x) = -x**2 - 24*x - 42. Let y = 40563 - 40586. What is q(y)?
-19
Let m be (-4)/38 + (-6142)/1577. Let t be (m/12)/((-8)/(-192)). Let s(c) = c + 8. What is s(t)?
0
Suppose -3*w = -2*a - 2, -5*a = -3*w + 11 - 15. Let y(t) = 113*t + 2*t**w - 2 + 3*t**2 - 3 - 103*t - 6*t**2. Give y(10).
-5
Let v(z) = 5*z**3 + 18*z**2 + 25*z - 7. Let y(k) be the first derivative of -k**4 - 6*k**3 - 23*k**2/2 + 6*k - 150. Let b(w) = 3*v(w) + 4*y(w). Give b(-17).
3
Let q(l) = l**3 - 18*l**2 + 17*l - 16. Let y = 7653 - 7636. Give q(y).
-16
Let c(m) = m**2 - 20*m - 16. Suppose -3*b + 32 = -4*g, -4*b = -9*b - 2*g + 10. Suppose -3*x - b*x = -147. Determine c(x).
5
Let i(u) = -u**2 + 13*u - 27. Let z = -1057 + 1063. Give i(z).
15
Let c be (72/(-56))/((-2)/(-21))*-2. Let b(q) = 13 + 24*q - 79*q + 25*q + c*q. Calculate b(4).
1
Let w(p) = 3*p + 3*p + 37*p**2 - 7 + 3*p - 38*p**2. Let t = 78 - 74. Let c be w(t). Let k(j) = -j**2 + 14*j - 16. Calculate k(c).
-3
Let a(n) be the second derivative of -n**4/12 + 3*n**3/2 + 17*n**2/2 - 21*n. Let t be a(11). Let i(h) = -h**3 - 4*h**2 + 4*h + 3. Give i(t).
8
Suppose 6*c - 830 = -818. Let m(y) = -14*y**2 + 23*y - 95 + 142 + 15*y**c. Give m(-21).
5
Let b be -6*(2 - (-1 + (-20)/(-6))). Let o = -5 + 8. Let s(w) = -2*w**2 + 0*w**o - w**3 + 3*w + 2*w**3 - 2*w. What is s(b)?
2
Let p(h) be the second derivative of -34*h + 1/2*h**3 + 37/2*h**2 - 4. Determine p(-12).
1
Let b(v) = -v**2 - v - 38. Let k(h) = 5*h**2 + 17*h + 229. Let p(x) = 6*b(x) + k(x). What is p(14)?
-41
Let j(i) = 2*i - 3. Let n(c) = -c**2 - 15*c - 14. Let x be n(-13). Suppose -7*y + x = -2. Suppose -4*p = 3*m + 13 - y, -5 = 2*m + 5*p. Determine j(m).
-13
Let h(t) = t**2 + t - 4. Let m be h(-3). Let a = m + -5. Let d(q) be the third derivative of q**5/30 + q**4/12 + q**3/6 - 2*q**2 + 35*q - 2. Calculate d(a).
13
Let d(l) = 5*l - 2. Suppose -58 + 246 = 47*y. What is d(y)?
18
Let b(g) = 2*g**2 - 69*g + 28. Let s = 22753 - 22719. Determine b(s).
-6
Let p(t) = 8*t - 17. Let f be p(5). Let z(q) = -f*q + 48*q + 7 - 24*q. Let b be z(-7). Let o(a) = -a - 10. Calculate o(b).
-10
Let y(i) = -i**3 - 5*i**2 - 4*i. Let m be y(-4). Let u = 0 - -5. Let x(z) = 5*z + m - 3*z + u*z**2 + 7 + z**3 - 4*z. Give x(-5).
17
Let l be (8/(-1) + 2)/2*1. Let q(s) = -s - 1. Let f(i) = i - 24. Let t(u) = l*q(u) + f(u). Determine t(7).
7
Let i(z) = 33900 - 16953 - z + 3*z - 16945. Let j be -1 + 1 + -1*2. What is i(j)?
-2
Let z(r) = 4*r - 78. Suppose -2528 = -58*s - 1484. Give z(s).
-6
Let y(l) be the third derivative of -l**5/60 - l**4 - 133*l**3/6 + 157*l**2 + 4*l. Determine y(-15).
2
Let p(j) = 17 - 37*j + 93*j - 23*j - 40*j. Give p(-5).
52
Let n(l) = -2*l**2 + 950*l - l**3 + 2 - 1908*l + 959*l. Suppose 0 = -p + 2*r - r - 5, -p + 5*r - 17 = 0. Give n(p).
0
Let i be (-1)/(-4) + 203/(-28). Let n(w) be the second derivative